{"id":535,"date":"2024-04-16T15:37:43","date_gmt":"2024-04-16T13:37:43","guid":{"rendered":"https:\/\/pov-tec.de\/?page_id=535"},"modified":"2024-04-22T16:14:32","modified_gmt":"2024-04-22T14:14:32","slug":"impressum-copy","status":"publish","type":"page","link":"https:\/\/pov-tec.de\/?page_id=535","title":{"rendered":"Schulungen"},"content":{"rendered":"\t\t<div data-elementor-type=\"wp-page\" data-elementor-id=\"535\" class=\"elementor elementor-535\">\n\t\t\t\t\t\t<section class=\"elementor-section elementor-top-section elementor-element elementor-element-7f3bf0c elementor-section-content-middle elementor-section-height-min-height elementor-section-boxed elementor-section-height-default elementor-section-items-middle\" data-id=\"7f3bf0c\" data-element_type=\"section\" data-settings=\"{&quot;background_background&quot;:&quot;classic&quot;}\">\n\t\t\t\t\t\t\t<div class=\"elementor-background-overlay\"><\/div>\n\t\t\t\t\t\t\t<div class=\"elementor-container elementor-column-gap-default\">\n\t\t\t\t\t<div class=\"elementor-column elementor-col-50 elementor-top-column elementor-element elementor-element-7b12ce43\" data-id=\"7b12ce43\" data-element_type=\"column\">\n\t\t\t<div class=\"elementor-widget-wrap elementor-element-populated\">\n\t\t\t\t\t\t<div class=\"elementor-element elementor-element-4ecc2c97 elementor-widget__width-initial elementor-invisible elementor-widget elementor-widget-heading\" data-id=\"4ecc2c97\" data-element_type=\"widget\" data-settings=\"{&quot;_animation&quot;:&quot;fadeIn&quot;}\" data-widget_type=\"heading.default\">\n\t\t\t\t<div class=\"elementor-widget-container\">\n\t\t\t\t\t<h2 class=\"elementor-heading-title elementor-size-default\">Akademie der Perspektiven<\/h2>\t\t\t\t<\/div>\n\t\t\t\t<\/div>\n\t\t\t\t<div class=\"elementor-element elementor-element-2d09150c elementor-widget elementor-widget-text-editor\" data-id=\"2d09150c\" data-element_type=\"widget\" data-widget_type=\"text-editor.default\">\n\t\t\t\t<div class=\"elementor-widget-container\">\n\t\t\t\t\t\t\t\t\t<p>W\u00e4hlen Sie aus verscheidenen Modellen der Learning Solutions:<\/p>\t\t\t\t\t\t\t\t<\/div>\n\t\t\t\t<\/div>\n\t\t\t\t<section class=\"elementor-section elementor-inner-section elementor-element elementor-element-3217f27 elementor-section-boxed elementor-section-height-default elementor-section-height-default\" data-id=\"3217f27\" data-element_type=\"section\">\n\t\t\t\t\t\t<div class=\"elementor-container elementor-column-gap-default\">\n\t\t\t\t\t<div class=\"elementor-column elementor-col-50 elementor-inner-column elementor-element elementor-element-8d9121a\" data-id=\"8d9121a\" data-element_type=\"column\">\n\t\t\t<div class=\"elementor-widget-wrap elementor-element-populated\">\n\t\t\t\t\t\t<div class=\"elementor-element elementor-element-1ee3d27 elementor-widget elementor-widget-text-editor\" data-id=\"1ee3d27\" data-element_type=\"widget\" data-widget_type=\"text-editor.default\">\n\t\t\t\t<div class=\"elementor-widget-container\">\n\t\t\t\t\t\t\t\t\t<ul><li>Seminare in unseren Gesch\u00e4ftsr\u00e4umen<\/li><\/ul>\t\t\t\t\t\t\t\t<\/div>\n\t\t\t\t<\/div>\n\t\t\t\t\t<\/div>\n\t\t<\/div>\n\t\t\t\t<div class=\"elementor-column elementor-col-50 elementor-inner-column elementor-element elementor-element-f8aaf95\" data-id=\"f8aaf95\" data-element_type=\"column\">\n\t\t\t<div class=\"elementor-widget-wrap elementor-element-populated\">\n\t\t\t\t\t\t<div class=\"elementor-element elementor-element-f0c4e18 elementor-widget elementor-widget-text-editor\" data-id=\"f0c4e18\" data-element_type=\"widget\" data-widget_type=\"text-editor.default\">\n\t\t\t\t<div class=\"elementor-widget-container\">\n\t\t\t\t\t\t\t\t\t<ul><li>Inhouse Schulungen bei Ihnen vor Ort<\/li><\/ul>\t\t\t\t\t\t\t\t<\/div>\n\t\t\t\t<\/div>\n\t\t\t\t\t<\/div>\n\t\t<\/div>\n\t\t\t\t\t<\/div>\n\t\t<\/section>\n\t\t\t\t<section class=\"elementor-section elementor-inner-section elementor-element elementor-element-08db0db elementor-section-boxed elementor-section-height-default elementor-section-height-default\" data-id=\"08db0db\" data-element_type=\"section\">\n\t\t\t\t\t\t<div class=\"elementor-container elementor-column-gap-default\">\n\t\t\t\t\t<div class=\"elementor-column elementor-col-50 elementor-inner-column elementor-element elementor-element-8494782\" data-id=\"8494782\" data-element_type=\"column\">\n\t\t\t<div class=\"elementor-widget-wrap elementor-element-populated\">\n\t\t\t\t\t\t<div class=\"elementor-element elementor-element-2cdd775 elementor-widget elementor-widget-text-editor\" data-id=\"2cdd775\" data-element_type=\"widget\" data-widget_type=\"text-editor.default\">\n\t\t\t\t<div class=\"elementor-widget-container\">\n\t\t\t\t\t\t\t\t\t<ul><li>e-Learning via MS Teams und Zoom<\/li><\/ul>\t\t\t\t\t\t\t\t<\/div>\n\t\t\t\t<\/div>\n\t\t\t\t\t<\/div>\n\t\t<\/div>\n\t\t\t\t<div class=\"elementor-column elementor-col-50 elementor-inner-column elementor-element elementor-element-13cc0c3\" data-id=\"13cc0c3\" data-element_type=\"column\">\n\t\t\t<div class=\"elementor-widget-wrap elementor-element-populated\">\n\t\t\t\t\t\t<div class=\"elementor-element elementor-element-2118176 elementor-widget elementor-widget-text-editor\" data-id=\"2118176\" data-element_type=\"widget\" data-widget_type=\"text-editor.default\">\n\t\t\t\t<div class=\"elementor-widget-container\">\n\t\t\t\t\t\t\t\t\t<ul><li>Seminare in externen Betriebsst\u00e4tten<\/li><\/ul>\t\t\t\t\t\t\t\t<\/div>\n\t\t\t\t<\/div>\n\t\t\t\t\t<\/div>\n\t\t<\/div>\n\t\t\t\t\t<\/div>\n\t\t<\/section>\n\t\t\t\t<div class=\"elementor-element elementor-element-cfbcc5c elementor-widget elementor-widget-spacer\" data-id=\"cfbcc5c\" data-element_type=\"widget\" data-widget_type=\"spacer.default\">\n\t\t\t\t<div class=\"elementor-widget-container\">\n\t\t\t\t\t\t\t<div class=\"elementor-spacer\">\n\t\t\t<div class=\"elementor-spacer-inner\"><\/div>\n\t\t<\/div>\n\t\t\t\t\t\t<\/div>\n\t\t\t\t<\/div>\n\t\t\t\t<div class=\"elementor-element elementor-element-963b063 elementor-widget elementor-widget-text-editor\" data-id=\"963b063\" data-element_type=\"widget\" data-widget_type=\"text-editor.default\">\n\t\t\t\t<div class=\"elementor-widget-container\">\n\t\t\t\t\t\t\t\t\t<p>Umgesetzt von unseren erfahrenen Dozenten.<\/p>\t\t\t\t\t\t\t\t<\/div>\n\t\t\t\t<\/div>\n\t\t\t\t\t<\/div>\n\t\t<\/div>\n\t\t\t\t<div class=\"elementor-column elementor-col-50 elementor-top-column elementor-element elementor-element-4a3e7bd3\" data-id=\"4a3e7bd3\" data-element_type=\"column\" data-settings=\"{&quot;background_background&quot;:&quot;classic&quot;}\">\n\t\t\t<div class=\"elementor-widget-wrap elementor-element-populated\">\n\t\t\t\t\t\t<div class=\"elementor-element elementor-element-4c458d13 elementor-widget elementor-widget-spacer\" data-id=\"4c458d13\" data-element_type=\"widget\" data-widget_type=\"spacer.default\">\n\t\t\t\t<div class=\"elementor-widget-container\">\n\t\t\t\t\t\t\t<div class=\"elementor-spacer\">\n\t\t\t<div class=\"elementor-spacer-inner\"><\/div>\n\t\t<\/div>\n\t\t\t\t\t\t<\/div>\n\t\t\t\t<\/div>\n\t\t\t\t\t<\/div>\n\t\t<\/div>\n\t\t\t\t\t<\/div>\n\t\t<\/section>\n\t\t\t\t<section class=\"elementor-section elementor-top-section elementor-element elementor-element-fce19ef elementor-section-boxed elementor-section-height-default elementor-section-height-default\" data-id=\"fce19ef\" data-element_type=\"section\">\n\t\t\t\t\t\t<div class=\"elementor-container elementor-column-gap-default\">\n\t\t\t\t\t<div class=\"elementor-column elementor-col-100 elementor-top-column elementor-element elementor-element-2481326\" data-id=\"2481326\" data-element_type=\"column\">\n\t\t\t<div class=\"elementor-widget-wrap elementor-element-populated\">\n\t\t\t\t\t\t<div class=\"elementor-element elementor-element-e086bb1 elementor-widget elementor-widget-spacer\" data-id=\"e086bb1\" data-element_type=\"widget\" data-widget_type=\"spacer.default\">\n\t\t\t\t<div class=\"elementor-widget-container\">\n\t\t\t\t\t\t\t<div class=\"elementor-spacer\">\n\t\t\t<div class=\"elementor-spacer-inner\"><\/div>\n\t\t<\/div>\n\t\t\t\t\t\t<\/div>\n\t\t\t\t<\/div>\n\t\t\t\t<div class=\"elementor-element elementor-element-974e086 elementor-widget elementor-widget-text-editor\" data-id=\"974e086\" data-element_type=\"widget\" data-widget_type=\"text-editor.default\">\n\t\t\t\t<div class=\"elementor-widget-container\">\n\t\t\t\t\t\t\t\t\t<p>Im Rahmen des &#8220;Corporate Learning&#8221;<\/p><p>bieten wir Ihnen die M\u00f6glichkeit, die Performance Ihrer Mitarbeiter zu steigern, <\/p><p>sowie zus\u00e4tzliche Skills zu erwerben.<\/p><p>All dies zugeschnitten auf Ihre Bed\u00fcrfnisse, Nachhaltig &#8211; Modern &#8211; Wirtschaftlich<\/p>\t\t\t\t\t\t\t\t<\/div>\n\t\t\t\t<\/div>\n\t\t\t\t<div class=\"elementor-element elementor-element-a3b65ad elementor-widget elementor-widget-spacer\" data-id=\"a3b65ad\" data-element_type=\"widget\" data-widget_type=\"spacer.default\">\n\t\t\t\t<div class=\"elementor-widget-container\">\n\t\t\t\t\t\t\t<div class=\"elementor-spacer\">\n\t\t\t<div class=\"elementor-spacer-inner\"><\/div>\n\t\t<\/div>\n\t\t\t\t\t\t<\/div>\n\t\t\t\t<\/div>\n\t\t\t\t\t<\/div>\n\t\t<\/div>\n\t\t\t\t\t<\/div>\n\t\t<\/section>\n\t\t\t\t<section class=\"elementor-section elementor-top-section elementor-element elementor-element-8f2573e elementor-section-boxed elementor-section-height-default elementor-section-height-default\" data-id=\"8f2573e\" data-element_type=\"section\" data-settings=\"{&quot;background_background&quot;:&quot;classic&quot;}\">\n\t\t\t\t\t\t<div class=\"elementor-container elementor-column-gap-default\">\n\t\t\t\t\t<div class=\"elementor-column elementor-col-100 elementor-top-column elementor-element elementor-element-c3e4d74\" data-id=\"c3e4d74\" data-element_type=\"column\">\n\t\t\t<div class=\"elementor-widget-wrap elementor-element-populated\">\n\t\t\t\t\t\t<div class=\"elementor-element elementor-element-42a33f5 elementor-widget elementor-widget-spacer\" data-id=\"42a33f5\" data-element_type=\"widget\" data-widget_type=\"spacer.default\">\n\t\t\t\t<div class=\"elementor-widget-container\">\n\t\t\t\t\t\t\t<div class=\"elementor-spacer\">\n\t\t\t<div class=\"elementor-spacer-inner\"><\/div>\n\t\t<\/div>\n\t\t\t\t\t\t<\/div>\n\t\t\t\t<\/div>\n\t\t\t\t<div class=\"elementor-element elementor-element-87ac3dc elementor-arrows-position-inside elementor-pagination-position-outside elementor-widget elementor-widget-image-carousel\" data-id=\"87ac3dc\" data-element_type=\"widget\" data-settings=\"{&quot;navigation&quot;:&quot;both&quot;,&quot;autoplay&quot;:&quot;yes&quot;,&quot;pause_on_hover&quot;:&quot;yes&quot;,&quot;pause_on_interaction&quot;:&quot;yes&quot;,&quot;autoplay_speed&quot;:5000,&quot;infinite&quot;:&quot;yes&quot;,&quot;speed&quot;:500}\" data-widget_type=\"image-carousel.default\">\n\t\t\t\t<div class=\"elementor-widget-container\">\n\t\t\t\t\t\t\t<div class=\"elementor-image-carousel-wrapper swiper\" role=\"region\" aria-roledescription=\"carousel\" aria-label=\"Bild Karussell\" dir=\"ltr\">\n\t\t\t<div class=\"elementor-image-carousel swiper-wrapper\" aria-live=\"off\">\n\t\t\t\t\t\t\t\t<div class=\"swiper-slide\" role=\"group\" aria-roledescription=\"slide\" aria-label=\"1 von 5\"><figure class=\"swiper-slide-inner\"><img decoding=\"async\" class=\"swiper-slide-image\" src=\"https:\/\/pov-tec.de\/wp-content\/uploads\/elementor\/thumbs\/IMG-20240116-WA0017-r01ljcgfxl9pos6twiqus5zq48quphmowb22waa6s0.jpg\" alt=\"IMG-20240116-WA0017\" \/><\/figure><\/div><div class=\"swiper-slide\" role=\"group\" aria-roledescription=\"slide\" aria-label=\"2 von 5\"><figure class=\"swiper-slide-inner\"><img decoding=\"async\" class=\"swiper-slide-image\" src=\"https:\/\/pov-tec.de\/wp-content\/uploads\/elementor\/thumbs\/IMG-20240115-WA0009-r01ljbilqr8fd68720c87o89iuvhhsiyk6elf0bky8.jpg\" alt=\"IMG-20240115-WA0009\" \/><\/figure><\/div><div class=\"swiper-slide\" role=\"group\" aria-roledescription=\"slide\" aria-label=\"3 von 5\"><figure class=\"swiper-slide-inner\"><img decoding=\"async\" class=\"swiper-slide-image\" src=\"https:\/\/pov-tec.de\/wp-content\/uploads\/elementor\/thumbs\/IMG-20240115-WA0008-r01ljakrjx751k9k7hxln6gsxh04a3f881r3xqcz4g.jpg\" alt=\"IMG-20240115-WA0008\" \/><\/figure><\/div><div class=\"swiper-slide\" role=\"group\" aria-roledescription=\"slide\" aria-label=\"4 von 5\"><figure class=\"swiper-slide-inner\"><img decoding=\"async\" class=\"swiper-slide-image\" src=\"https:\/\/pov-tec.de\/wp-content\/uploads\/elementor\/thumbs\/IMG-20240118-WA0008-r01ljdea4fb00e5gr15hcnr6pmm7x6qf8fpkdk8sls.jpg\" alt=\"IMG-20240118-WA0008\" \/><\/figure><\/div><div class=\"swiper-slide\" role=\"group\" aria-roledescription=\"slide\" aria-label=\"5 von 5\"><figure class=\"swiper-slide-inner\"><img decoding=\"async\" class=\"swiper-slide-image\" src=\"https:\/\/pov-tec.de\/wp-content\/uploads\/elementor\/thumbs\/IMG20240113103740-r01ljf9yi3dknm2qg1yqhna3wecyckxvwp0jc4609c.jpg\" alt=\"oplus_32\" \/><\/figure><\/div>\t\t\t<\/div>\n\t\t\t\t\t\t\t\t\t\t\t\t<div class=\"elementor-swiper-button elementor-swiper-button-prev\" role=\"button\" tabindex=\"0\">\n\t\t\t\t\t\t<i aria-hidden=\"true\" class=\"eicon-chevron-left\"><\/i>\t\t\t\t\t<\/div>\n\t\t\t\t\t<div class=\"elementor-swiper-button elementor-swiper-button-next\" role=\"button\" tabindex=\"0\">\n\t\t\t\t\t\t<i aria-hidden=\"true\" class=\"eicon-chevron-right\"><\/i>\t\t\t\t\t<\/div>\n\t\t\t\t\n\t\t\t\t\t\t\t\t\t<div class=\"swiper-pagination\"><\/div>\n\t\t\t\t\t\t\t\t\t<\/div>\n\t\t\t\t\t\t<\/div>\n\t\t\t\t<\/div>\n\t\t\t\t<div class=\"elementor-element elementor-element-a3fbaf3 elementor-widget elementor-widget-text-editor\" data-id=\"a3fbaf3\" data-element_type=\"widget\" data-widget_type=\"text-editor.default\">\n\t\t\t\t<div class=\"elementor-widget-container\">\n\t\t\t\t\t\t\t\t\t<p>Unsere Seminare bieten eine angenehme und motivierende Atmosph\u00e4re f\u00fcr Ihre Mitarbeiter.<br><\/p>\n<p>Neben dem genie\u00dfen des Caterings steht die N\u00e4he zum Starnberger See f\u00fcr die perfekte Erholung und Motivation im Rahmen des Seminars<br><\/p>\t\t\t\t\t\t\t\t<\/div>\n\t\t\t\t<\/div>\n\t\t\t\t\t<\/div>\n\t\t<\/div>\n\t\t\t\t\t<\/div>\n\t\t<\/section>\n\t\t\t\t<section class=\"elementor-section elementor-top-section elementor-element elementor-element-4184c60 elementor-section-height-min-height elementor-section-boxed elementor-section-height-default elementor-section-items-middle\" data-id=\"4184c60\" data-element_type=\"section\" data-settings=\"{&quot;background_background&quot;:&quot;classic&quot;}\">\n\t\t\t\t\t\t\t<div class=\"elementor-background-overlay\"><\/div>\n\t\t\t\t\t\t\t<div class=\"elementor-container elementor-column-gap-default\">\n\t\t\t\t\t<div class=\"elementor-column elementor-col-100 elementor-top-column elementor-element elementor-element-dabe2ce\" data-id=\"dabe2ce\" data-element_type=\"column\">\n\t\t\t<div class=\"elementor-widget-wrap elementor-element-populated\">\n\t\t\t\t\t\t<div class=\"elementor-element elementor-element-f29a8ff elementor-widget elementor-widget-spacer\" data-id=\"f29a8ff\" data-element_type=\"widget\" data-widget_type=\"spacer.default\">\n\t\t\t\t<div class=\"elementor-widget-container\">\n\t\t\t\t\t\t\t<div class=\"elementor-spacer\">\n\t\t\t<div class=\"elementor-spacer-inner\"><\/div>\n\t\t<\/div>\n\t\t\t\t\t\t<\/div>\n\t\t\t\t<\/div>\n\t\t\t\t\t<\/div>\n\t\t<\/div>\n\t\t\t\t\t<\/div>\n\t\t<\/section>\n\t\t\t\t<\/div>\n\t\t","protected":false},"excerpt":{"rendered":"<p>Akademie der Perspektiven W\u00e4hlen Sie aus verscheidenen Modellen der Learning Solutions: Seminare in unseren Gesch\u00e4ftsr\u00e4umen Inhouse Schulungen bei Ihnen vor Ort e-Learning via MS Teams und Zoom Seminare in externen Betriebsst\u00e4tten Umgesetzt von unseren erfahrenen Dozenten. Im Rahmen des &#8220;Corporate Learning&#8221; bieten wir Ihnen die M\u00f6glichkeit, die Performance Ihrer Mitarbeiter zu steigern, sowie zus\u00e4tzliche Skills [&hellip;]<\/p>\n","protected":false},"author":1,"featured_media":0,"parent":0,"menu_order":0,"comment_status":"closed","ping_status":"closed","template":"elementor_header_footer","meta":{"footnotes":""},"yoast_head":"<!-- This site is optimized with the Yoast SEO plugin v22.7 - https:\/\/yoast.com\/wordpress\/plugins\/seo\/ -->\n<title>Schulungen - Point of View Technology e.K.<\/title>\n<meta name=\"robots\" content=\"index, follow, max-snippet:-1, max-image-preview:large, max-video-preview:-1\" \/>\n<link rel=\"canonical\" href=\"https:\/\/pov-tec.de\/?page_id=535\" \/>\n<meta property=\"og:locale\" content=\"de_DE\" \/>\n<meta property=\"og:type\" content=\"article\" \/>\n<meta property=\"og:title\" content=\"Schulungen - Point of View Technology e.K.\" \/>\n<meta property=\"og:description\" content=\"Akademie der Perspektiven W\u00e4hlen Sie aus verscheidenen Modellen der Learning Solutions: Seminare in unseren Gesch\u00e4ftsr\u00e4umen Inhouse Schulungen bei Ihnen vor Ort e-Learning via MS Teams und Zoom Seminare in externen Betriebsst\u00e4tten Umgesetzt von unseren erfahrenen Dozenten. Im Rahmen des &#8220;Corporate Learning&#8221; bieten wir Ihnen die M\u00f6glichkeit, die Performance Ihrer Mitarbeiter zu steigern, sowie zus\u00e4tzliche Skills [&hellip;]\" \/>\n<meta property=\"og:url\" content=\"https:\/\/pov-tec.de\/?page_id=535\" \/>\n<meta property=\"og:site_name\" content=\"Point of View Technology e.K.\" \/>\n<meta property=\"article:modified_time\" content=\"2024-04-22T14:14:32+00:00\" \/>\n<meta property=\"og:image\" content=\"https:\/\/pov-tec.de\/wp-content\/uploads\/elementor\/thumbs\/IMG-20240116-WA0017-qmsqjz7kc4apoe6l87g2doki3i45bgc6k1eif7wcls.jpg\" \/>\n<meta name=\"twitter:card\" content=\"summary_large_image\" \/>\n<meta name=\"twitter:label1\" content=\"Gesch\u00e4tzte Lesezeit\" \/>\n\t<meta name=\"twitter:data1\" content=\"3\u00a0Minuten\" \/>\n<script type=\"application\/ld+json\" class=\"yoast-schema-graph\">{\"@context\":\"https:\/\/schema.org\",\"@graph\":[{\"@type\":\"WebPage\",\"@id\":\"https:\/\/pov-tec.de\/?page_id=535\",\"url\":\"https:\/\/pov-tec.de\/?page_id=535\",\"name\":\"Schulungen - Point of View Technology e.K.\",\"isPartOf\":{\"@id\":\"https:\/\/pov-tec.de\/#website\"},\"primaryImageOfPage\":{\"@id\":\"https:\/\/pov-tec.de\/?page_id=535#primaryimage\"},\"image\":{\"@id\":\"https:\/\/pov-tec.de\/?page_id=535#primaryimage\"},\"thumbnailUrl\":\"https:\/\/pov-tec.de\/wp-content\/uploads\/elementor\/thumbs\/IMG-20240116-WA0017-qmsqjz7kc4apoe6l87g2doki3i45bgc6k1eif7wcls.jpg\",\"datePublished\":\"2024-04-16T13:37:43+00:00\",\"dateModified\":\"2024-04-22T14:14:32+00:00\",\"breadcrumb\":{\"@id\":\"https:\/\/pov-tec.de\/?page_id=535#breadcrumb\"},\"inLanguage\":\"de\",\"potentialAction\":[{\"@type\":\"ReadAction\",\"target\":[\"https:\/\/pov-tec.de\/?page_id=535\"]}]},{\"@type\":\"ImageObject\",\"inLanguage\":\"de\",\"@id\":\"https:\/\/pov-tec.de\/?page_id=535#primaryimage\",\"url\":\"https:\/\/pov-tec.de\/wp-content\/uploads\/elementor\/thumbs\/IMG-20240116-WA0017-qmsqjz7kc4apoe6l87g2doki3i45bgc6k1eif7wcls.jpg\",\"contentUrl\":\"https:\/\/pov-tec.de\/wp-content\/uploads\/elementor\/thumbs\/IMG-20240116-WA0017-qmsqjz7kc4apoe6l87g2doki3i45bgc6k1eif7wcls.jpg\"},{\"@type\":\"BreadcrumbList\",\"@id\":\"https:\/\/pov-tec.de\/?page_id=535#breadcrumb\",\"itemListElement\":[{\"@type\":\"ListItem\",\"position\":1,\"name\":\"Startseite\",\"item\":\"https:\/\/pov-tec.de\/\"},{\"@type\":\"ListItem\",\"position\":2,\"name\":\"Schulungen\"}]},{\"@type\":\"WebSite\",\"@id\":\"https:\/\/pov-tec.de\/#website\",\"url\":\"https:\/\/pov-tec.de\/\",\"name\":\"Point of View Technology e.K.\",\"description\":\"Ihr IT Partner aus dem Oberland\",\"publisher\":{\"@id\":\"https:\/\/pov-tec.de\/#organization\"},\"potentialAction\":[{\"@type\":\"SearchAction\",\"target\":{\"@type\":\"EntryPoint\",\"urlTemplate\":\"https:\/\/pov-tec.de\/?s={search_term_string}\"},\"query-input\":\"required name=search_term_string\"}],\"inLanguage\":\"de\"},{\"@type\":\"Organization\",\"@id\":\"https:\/\/pov-tec.de\/#organization\",\"name\":\"Point of View Technology\",\"url\":\"https:\/\/pov-tec.de\/\",\"logo\":{\"@type\":\"ImageObject\",\"inLanguage\":\"de\",\"@id\":\"https:\/\/pov-tec.de\/#\/schema\/logo\/image\/\",\"url\":\"https:\/\/pov-tec.de\/wp-content\/uploads\/2022\/05\/logo-horizont-black.svg\",\"contentUrl\":\"https:\/\/pov-tec.de\/wp-content\/uploads\/2022\/05\/logo-horizont-black.svg\",\"width\":1,\"height\":1,\"caption\":\"Point of View Technology\"},\"image\":{\"@id\":\"https:\/\/pov-tec.de\/#\/schema\/logo\/image\/\"}}]}<\/script>\n<!-- \/ Yoast SEO plugin. -->","yoast_head_json":{"title":"Schulungen - Point of View Technology e.K.","robots":{"index":"index","follow":"follow","max-snippet":"max-snippet:-1","max-image-preview":"max-image-preview:large","max-video-preview":"max-video-preview:-1"},"canonical":"https:\/\/pov-tec.de\/?page_id=535","og_locale":"de_DE","og_type":"article","og_title":"Schulungen - Point of View Technology e.K.","og_description":"Akademie der Perspektiven W\u00e4hlen Sie aus verscheidenen Modellen der Learning Solutions: Seminare in unseren Gesch\u00e4ftsr\u00e4umen Inhouse Schulungen bei Ihnen vor Ort e-Learning via MS Teams und Zoom Seminare in externen Betriebsst\u00e4tten Umgesetzt von unseren erfahrenen Dozenten. Im Rahmen des &#8220;Corporate Learning&#8221; bieten wir Ihnen die M\u00f6glichkeit, die Performance Ihrer Mitarbeiter zu steigern, sowie zus\u00e4tzliche Skills [&hellip;]","og_url":"https:\/\/pov-tec.de\/?page_id=535","og_site_name":"Point of View Technology e.K.","article_modified_time":"2024-04-22T14:14:32+00:00","og_image":[{"url":"https:\/\/pov-tec.de\/wp-content\/uploads\/elementor\/thumbs\/IMG-20240116-WA0017-qmsqjz7kc4apoe6l87g2doki3i45bgc6k1eif7wcls.jpg"}],"twitter_card":"summary_large_image","twitter_misc":{"Gesch\u00e4tzte Lesezeit":"3\u00a0Minuten"},"schema":{"@context":"https:\/\/schema.org","@graph":[{"@type":"WebPage","@id":"https:\/\/pov-tec.de\/?page_id=535","url":"https:\/\/pov-tec.de\/?page_id=535","name":"Schulungen - Point of View Technology e.K.","isPartOf":{"@id":"https:\/\/pov-tec.de\/#website"},"primaryImageOfPage":{"@id":"https:\/\/pov-tec.de\/?page_id=535#primaryimage"},"image":{"@id":"https:\/\/pov-tec.de\/?page_id=535#primaryimage"},"thumbnailUrl":"https:\/\/pov-tec.de\/wp-content\/uploads\/elementor\/thumbs\/IMG-20240116-WA0017-qmsqjz7kc4apoe6l87g2doki3i45bgc6k1eif7wcls.jpg","datePublished":"2024-04-16T13:37:43+00:00","dateModified":"2024-04-22T14:14:32+00:00","breadcrumb":{"@id":"https:\/\/pov-tec.de\/?page_id=535#breadcrumb"},"inLanguage":"de","potentialAction":[{"@type":"ReadAction","target":["https:\/\/pov-tec.de\/?page_id=535"]}]},{"@type":"ImageObject","inLanguage":"de","@id":"https:\/\/pov-tec.de\/?page_id=535#primaryimage","url":"https:\/\/pov-tec.de\/wp-content\/uploads\/elementor\/thumbs\/IMG-20240116-WA0017-qmsqjz7kc4apoe6l87g2doki3i45bgc6k1eif7wcls.jpg","contentUrl":"https:\/\/pov-tec.de\/wp-content\/uploads\/elementor\/thumbs\/IMG-20240116-WA0017-qmsqjz7kc4apoe6l87g2doki3i45bgc6k1eif7wcls.jpg"},{"@type":"BreadcrumbList","@id":"https:\/\/pov-tec.de\/?page_id=535#breadcrumb","itemListElement":[{"@type":"ListItem","position":1,"name":"Startseite","item":"https:\/\/pov-tec.de\/"},{"@type":"ListItem","position":2,"name":"Schulungen"}]},{"@type":"WebSite","@id":"https:\/\/pov-tec.de\/#website","url":"https:\/\/pov-tec.de\/","name":"Point of View Technology e.K.","description":"Ihr IT Partner aus dem Oberland","publisher":{"@id":"https:\/\/pov-tec.de\/#organization"},"potentialAction":[{"@type":"SearchAction","target":{"@type":"EntryPoint","urlTemplate":"https:\/\/pov-tec.de\/?s={search_term_string}"},"query-input":"required name=search_term_string"}],"inLanguage":"de"},{"@type":"Organization","@id":"https:\/\/pov-tec.de\/#organization","name":"Point of View Technology","url":"https:\/\/pov-tec.de\/","logo":{"@type":"ImageObject","inLanguage":"de","@id":"https:\/\/pov-tec.de\/#\/schema\/logo\/image\/","url":"https:\/\/pov-tec.de\/wp-content\/uploads\/2022\/05\/logo-horizont-black.svg","contentUrl":"https:\/\/pov-tec.de\/wp-content\/uploads\/2022\/05\/logo-horizont-black.svg","width":1,"height":1,"caption":"Point of View Technology"},"image":{"@id":"https:\/\/pov-tec.de\/#\/schema\/logo\/image\/"}}]}},"_links":{"self":[{"href":"https:\/\/pov-tec.de\/index.php?rest_route=\/wp\/v2\/pages\/535"}],"collection":[{"href":"https:\/\/pov-tec.de\/index.php?rest_route=\/wp\/v2\/pages"}],"about":[{"href":"https:\/\/pov-tec.de\/index.php?rest_route=\/wp\/v2\/types\/page"}],"author":[{"embeddable":true,"href":"https:\/\/pov-tec.de\/index.php?rest_route=\/wp\/v2\/users\/1"}],"replies":[{"embeddable":true,"href":"https:\/\/pov-tec.de\/index.php?rest_route=%2Fwp%2Fv2%2Fcomments&post=535"}],"version-history":[{"count":50,"href":"https:\/\/pov-tec.de\/index.php?rest_route=\/wp\/v2\/pages\/535\/revisions"}],"predecessor-version":[{"id":852,"href":"https:\/\/pov-tec.de\/index.php?rest_route=\/wp\/v2\/pages\/535\/revisions\/852"}],"wp:attachment":[{"href":"https:\/\/pov-tec.de\/index.php?rest_route=%2Fwp%2Fv2%2Fmedia&parent=535"}],"curies":[{"name":"wp","href":"https:\/\/api.w.org\/{rel}","templated":true}]}}